Last updated on 2024-07-01 03:48:58 CEST.
Flavor | Version | Tinstall | Tcheck | Ttotal | Status | Flags |
---|---|---|---|---|---|---|
r-devel-linux-x86_64-debian-clang | 3.1.3 | 185.98 | 163.52 | 349.50 | NOTE | |
r-devel-linux-x86_64-debian-gcc | 3.1.3 | 133.57 | 114.13 | 247.70 | NOTE | |
r-devel-linux-x86_64-fedora-clang | 3.1.3 | 493.69 | NOTE | |||
r-devel-linux-x86_64-fedora-gcc | 3.1.3 | 475.32 | NOTE | |||
r-devel-windows-x86_64 | 3.1.3 | 184.00 | 193.00 | 377.00 | NOTE | |
r-patched-linux-x86_64 | 3.1.3 | 158.29 | 155.99 | 314.28 | NOTE | |
r-release-linux-x86_64 | 3.1.3 | 154.48 | 155.80 | 310.28 | NOTE | |
r-release-macos-arm64 | 3.1.3 | 153.00 | NOTE | |||
r-release-macos-x86_64 | 3.1.3 | 151.00 | NOTE | |||
r-release-windows-x86_64 | 3.1.3 | 182.00 | 193.00 | 375.00 | NOTE | |
r-oldrel-macos-arm64 | 3.1.3 | 150.00 | NOTE | |||
r-oldrel-macos-x86_64 | 3.1.3 | 282.00 | NOTE | |||
r-oldrel-windows-x86_64 | 3.1.3 | 193.00 | 232.00 | 425.00 | NOTE |
Version: 3.1.3
Check: C++ specification
Result: NOTE
Specified C++11: please drop specification unless essential
Flavors: r-devel-linux-x86_64-debian-clang, r-devel-linux-x86_64-debian-gcc, r-devel-linux-x86_64-fedora-clang, r-devel-linux-x86_64-fedora-gcc, r-devel-windows-x86_64, r-patched-linux-x86_64, r-release-linux-x86_64, r-release-macos-arm64, r-release-macos-x86_64, r-release-windows-x86_64, r-oldrel-macos-arm64, r-oldrel-macos-x86_64, r-oldrel-windows-x86_64
Version: 3.1.3
Check: for GNU extensions in Makefiles
Result: NOTE
GNU make is a SystemRequirements.
Flavors: r-devel-linux-x86_64-debian-clang, r-devel-linux-x86_64-debian-gcc, r-devel-linux-x86_64-fedora-clang, r-devel-linux-x86_64-fedora-gcc, r-devel-windows-x86_64, r-patched-linux-x86_64, r-release-linux-x86_64, r-release-macos-arm64, r-release-macos-x86_64, r-release-windows-x86_64, r-oldrel-macos-arm64, r-oldrel-macos-x86_64, r-oldrel-windows-x86_64
Version: 3.1.3
Check: installed package size
Result: NOTE
installed size is 19.0Mb
sub-directories of 1Mb or more:
data 2.0Mb
libs 16.7Mb
Flavors: r-release-macos-arm64, r-release-macos-x86_64, r-oldrel-macos-arm64, r-oldrel-macos-x86_64