Last updated on 2024-07-01 03:48:58 CEST.
Flavor | Version | Tinstall | Tcheck | Ttotal | Status | Flags |
---|---|---|---|---|---|---|
r-devel-linux-x86_64-debian-clang | 1.0.0 | 53.03 | 122.00 | 175.03 | NOTE | |
r-devel-linux-x86_64-debian-gcc | 1.0.0 | 33.30 | 92.61 | 125.91 | NOTE | |
r-devel-linux-x86_64-fedora-clang | 1.0.0 | 240.98 | NOTE | |||
r-devel-linux-x86_64-fedora-gcc | 1.0.0 | 242.76 | NOTE | |||
r-devel-windows-x86_64 | 1.0.0 | 39.00 | 142.00 | 181.00 | NOTE | |
r-patched-linux-x86_64 | 1.0.0 | 40.80 | 117.47 | 158.27 | NOTE | |
r-release-linux-x86_64 | 1.0.0 | 46.19 | 118.26 | 164.45 | NOTE | |
r-release-macos-arm64 | 1.0.0 | 70.00 | NOTE | |||
r-release-macos-x86_64 | 1.0.0 | 102.00 | NOTE | |||
r-release-windows-x86_64 | 1.0.0 | 40.00 | 142.00 | 182.00 | NOTE | |
r-oldrel-macos-arm64 | 1.0.0 | 89.00 | NOTE | |||
r-oldrel-macos-x86_64 | 1.0.0 | 128.00 | NOTE | |||
r-oldrel-windows-x86_64 | 1.0.0 | 50.00 | 156.00 | 206.00 | NOTE |
Version: 1.0.0
Check: C++ specification
Result: NOTE
Specified C++11: please drop specification unless essential
Flavors: r-devel-linux-x86_64-debian-clang, r-devel-linux-x86_64-debian-gcc, r-devel-linux-x86_64-fedora-clang, r-devel-linux-x86_64-fedora-gcc, r-devel-windows-x86_64, r-patched-linux-x86_64, r-release-linux-x86_64, r-release-macos-arm64, r-release-macos-x86_64, r-release-windows-x86_64, r-oldrel-macos-arm64, r-oldrel-macos-x86_64, r-oldrel-windows-x86_64
Version: 1.0.0
Check: LazyData
Result: NOTE
'LazyData' is specified without a 'data' directory
Flavors: r-devel-linux-x86_64-debian-clang, r-devel-linux-x86_64-debian-gcc, r-devel-linux-x86_64-fedora-clang, r-devel-linux-x86_64-fedora-gcc, r-devel-windows-x86_64, r-patched-linux-x86_64, r-release-linux-x86_64, r-release-macos-arm64, r-release-macos-x86_64, r-release-windows-x86_64, r-oldrel-macos-arm64, r-oldrel-macos-x86_64, r-oldrel-windows-x86_64