Last updated on 2024-07-01 03:48:58 CEST.
Flavor | Version | Tinstall | Tcheck | Ttotal | Status | Flags |
---|---|---|---|---|---|---|
r-devel-linux-x86_64-debian-clang | 0.3.2 | 6.40 | 244.03 | 250.43 | OK | |
r-devel-linux-x86_64-debian-gcc | 0.3.2 | 4.93 | 179.75 | 184.68 | OK | |
r-devel-linux-x86_64-fedora-clang | 0.3.2 | 319.71 | NOTE | |||
r-devel-linux-x86_64-fedora-gcc | 0.3.2 | 309.57 | NOTE | |||
r-devel-windows-x86_64 | 0.3.2 | 9.00 | 225.00 | 234.00 | OK | |
r-patched-linux-x86_64 | 0.3.2 | 9.89 | 237.90 | 247.79 | OK | |
r-release-linux-x86_64 | 0.3.2 | 6.55 | 234.33 | 240.88 | OK | |
r-release-macos-arm64 | 0.3.2 | 92.00 | OK | |||
r-release-macos-x86_64 | 0.3.2 | 136.00 | OK | |||
r-release-windows-x86_64 | 0.3.2 | 9.00 | 224.00 | 233.00 | OK | |
r-oldrel-macos-arm64 | 0.3.2 | 100.00 | OK | |||
r-oldrel-macos-x86_64 | 0.3.2 | 160.00 | OK | |||
r-oldrel-windows-x86_64 | 0.3.2 | 9.00 | 257.00 | 266.00 | OK |
Version: 0.3.2
Check: dependencies in R code
Result: NOTE
Namespaces in Imports field not imported from:
‘HDInterval’ ‘MCMCpack’ ‘R2WinBUGS’ ‘R2jags’ ‘carData’ ‘rjags’
All declared Imports should be used.
Flavors: r-devel-linux-x86_64-fedora-clang, r-devel-linux-x86_64-fedora-gcc