Last updated on 2024-07-01 03:48:58 CEST.
Flavor | Version | Tinstall | Tcheck | Ttotal | Status | Flags |
---|---|---|---|---|---|---|
r-devel-linux-x86_64-debian-clang | 5.2 | 5.89 | 546.99 | 552.88 | NOTE | |
r-devel-linux-x86_64-debian-gcc | 5.2 | 7.21 | 347.19 | 354.40 | NOTE | |
r-devel-linux-x86_64-fedora-clang | 5.2 | 646.38 | NOTE | |||
r-devel-linux-x86_64-fedora-gcc | 5.2 | 722.67 | NOTE | |||
r-devel-windows-x86_64 | 5.2 | 11.00 | 370.00 | 381.00 | NOTE | |
r-patched-linux-x86_64 | 5.2 | 7.93 | 493.54 | 501.47 | NOTE | |
r-release-linux-x86_64 | 5.2 | 7.90 | 508.06 | 515.96 | NOTE | |
r-release-macos-arm64 | 5.2 | 284.00 | NOTE | |||
r-release-macos-x86_64 | 5.2 | 414.00 | NOTE | |||
r-release-windows-x86_64 | 5.2 | 9.00 | 376.00 | 385.00 | NOTE | |
r-oldrel-macos-arm64 | 5.2 | 260.00 | OK | |||
r-oldrel-macos-x86_64 | 5.2 | 381.00 | OK | |||
r-oldrel-windows-x86_64 | 5.2 | 9.00 | 443.00 | 452.00 | OK |
Version: 5.2
Check: Rd files
Result: NOTE
checkRd: (-1) gMLE.bb.Rd:18: Lost braces
18 | \item{optim.method}{optimization method in \code{optim()}{stats}.}
| ^
Flavors: r-devel-linux-x86_64-debian-clang, r-devel-linux-x86_64-debian-gcc, r-devel-linux-x86_64-fedora-clang, r-devel-linux-x86_64-fedora-gcc, r-devel-windows-x86_64, r-patched-linux-x86_64, r-release-linux-x86_64, r-release-macos-arm64, r-release-macos-x86_64, r-release-windows-x86_64