Last updated on 2024-07-01 03:48:58 CEST.
Flavor | Version | Tinstall | Tcheck | Ttotal | Status | Flags |
---|---|---|---|---|---|---|
r-devel-linux-x86_64-debian-clang | 0.0.3 | 195.75 | 64.59 | 260.34 | NOTE | |
r-devel-linux-x86_64-debian-gcc | 0.0.3 | 126.34 | 46.35 | 172.69 | NOTE | |
r-devel-linux-x86_64-fedora-clang | 0.0.3 | 354.46 | NOTE | |||
r-devel-linux-x86_64-fedora-gcc | 0.0.3 | 411.27 | NOTE | |||
r-devel-windows-x86_64 | 0.0.3 | 140.00 | 91.00 | 231.00 | NOTE | |
r-patched-linux-x86_64 | 0.0.3 | 149.17 | 61.16 | 210.33 | NOTE | |
r-release-linux-x86_64 | 0.0.3 | 147.93 | 59.88 | 207.81 | NOTE | |
r-release-macos-arm64 | 0.0.3 | 80.00 | NOTE | |||
r-release-macos-x86_64 | 0.0.3 | 102.00 | NOTE | |||
r-release-windows-x86_64 | 0.0.3 | 135.00 | 93.00 | 228.00 | NOTE | |
r-oldrel-macos-arm64 | 0.0.3 | 116.00 | NOTE | |||
r-oldrel-macos-x86_64 | 0.0.3 | 105.00 | NOTE | |||
r-oldrel-windows-x86_64 | 0.0.3 | 173.00 | 107.00 | 280.00 | OK |
Version: 0.0.3
Check: Rd files
Result: NOTE
checkRd: (-1) GroupSingleVoxelFETS.Rd:53: Lost braces
53 | online trajectories related to the state parameter, the simulated BOLD responses, \mjseqn{\hat{Y}}{ascii}.
| ^
Flavors: r-devel-linux-x86_64-debian-clang, r-devel-linux-x86_64-debian-gcc, r-devel-linux-x86_64-fedora-clang, r-devel-linux-x86_64-fedora-gcc, r-devel-windows-x86_64, r-patched-linux-x86_64, r-release-linux-x86_64, r-release-macos-arm64, r-release-macos-x86_64, r-release-windows-x86_64
Version: 0.0.3
Check: installed package size
Result: NOTE
installed size is 7.8Mb
sub-directories of 1Mb or more:
data 1.2Mb
libs 6.2Mb
Flavors: r-release-macos-arm64, r-release-macos-x86_64, r-oldrel-macos-arm64, r-oldrel-macos-x86_64