Last updated on 2024-07-01 03:48:58 CEST.
Flavor | Version | Tinstall | Tcheck | Ttotal | Status | Flags |
---|---|---|---|---|---|---|
r-devel-linux-x86_64-debian-clang | 0.0.1 | 5.89 | 55.10 | 60.99 | NOTE | |
r-devel-linux-x86_64-debian-gcc | 0.0.1 | 5.49 | 40.64 | 46.13 | NOTE | |
r-devel-linux-x86_64-fedora-clang | 0.0.1 | 76.82 | NOTE | |||
r-devel-linux-x86_64-fedora-gcc | 0.0.1 | 72.41 | NOTE | |||
r-devel-windows-x86_64 | 0.0.1 | 8.00 | 59.00 | 67.00 | NOTE | |
r-patched-linux-x86_64 | 0.0.1 | 6.12 | 51.35 | 57.47 | NOTE | |
r-release-linux-x86_64 | 0.0.1 | 3.87 | 52.33 | 56.20 | NOTE | |
r-release-macos-arm64 | 0.0.1 | 25.00 | NOTE | |||
r-release-macos-x86_64 | 0.0.1 | 44.00 | NOTE | |||
r-release-windows-x86_64 | 0.0.1 | 8.00 | 59.00 | 67.00 | NOTE | |
r-oldrel-macos-arm64 | 0.0.1 | 25.00 | NOTE | |||
r-oldrel-macos-x86_64 | 0.0.1 | 39.00 | NOTE | |||
r-oldrel-windows-x86_64 | 0.0.1 | 8.00 | 66.00 | 74.00 | NOTE |
Version: 0.0.1
Check: LazyData
Result: NOTE
'LazyData' is specified without a 'data' directory
Flavors: r-devel-linux-x86_64-debian-clang, r-devel-linux-x86_64-debian-gcc, r-devel-linux-x86_64-fedora-clang, r-devel-linux-x86_64-fedora-gcc, r-devel-windows-x86_64, r-patched-linux-x86_64, r-release-linux-x86_64, r-release-macos-arm64, r-release-macos-x86_64, r-release-windows-x86_64, r-oldrel-macos-arm64, r-oldrel-macos-x86_64, r-oldrel-windows-x86_64
Version: 0.0.1
Check: Rd cross-references
Result: NOTE
Undeclared package ‘tibble’ in Rd xrefs
Flavor: r-devel-linux-x86_64-fedora-clang