Last updated on 2024-07-01 03:48:58 CEST.
Flavor | Version | Tinstall | Tcheck | Ttotal | Status | Flags |
---|---|---|---|---|---|---|
r-devel-linux-x86_64-debian-clang | 1.4.4 | 183.63 | 155.41 | 339.04 | OK | |
r-devel-linux-x86_64-debian-gcc | 1.4.4 | 124.91 | 113.00 | 237.91 | OK | |
r-devel-linux-x86_64-fedora-clang | 1.4.4 | 444.96 | OK | |||
r-devel-linux-x86_64-fedora-gcc | 1.4.4 | 457.98 | OK | |||
r-devel-windows-x86_64 | 1.4.4 | 135.00 | 141.00 | 276.00 | OK | |
r-patched-linux-x86_64 | 1.4.4 | 142.39 | 143.57 | 285.96 | OK | |
r-release-linux-x86_64 | 1.4.4 | 136.35 | 149.16 | 285.51 | OK | |
r-release-macos-arm64 | 1.4.4 | 99.00 | NOTE | |||
r-release-macos-x86_64 | 1.4.4 | 129.00 | NOTE | |||
r-release-windows-x86_64 | 1.4.4 | 133.00 | 138.00 | 271.00 | OK | |
r-oldrel-macos-arm64 | 1.4.4 | 107.00 | NOTE | |||
r-oldrel-macos-x86_64 | 1.4.4 | 159.00 | NOTE | |||
r-oldrel-windows-x86_64 | 1.4.4 | 170.00 | 178.00 | 348.00 | OK |
Version: 1.4.4
Check: installed package size
Result: NOTE
installed size is 14.4Mb
sub-directories of 1Mb or more:
libs 13.4Mb
Flavors: r-release-macos-arm64, r-release-macos-x86_64, r-oldrel-macos-arm64, r-oldrel-macos-x86_64