Last updated on 2024-07-01 03:48:58 CEST.
Flavor | Version | Tinstall | Tcheck | Ttotal | Status | Flags |
---|---|---|---|---|---|---|
r-devel-linux-x86_64-debian-clang | 1.0.3 | 119.08 | 284.39 | 403.47 | OK | |
r-devel-linux-x86_64-debian-gcc | 1.0.3 | 77.52 | 203.75 | 281.27 | OK | |
r-devel-linux-x86_64-fedora-clang | 1.0.3 | 534.78 | NOTE | |||
r-devel-linux-x86_64-fedora-gcc | 1.0.3 | 521.55 | OK | |||
r-devel-windows-x86_64 | 1.0.3 | 75.00 | 247.00 | 322.00 | NOTE | |
r-patched-linux-x86_64 | 1.0.3 | 88.85 | 266.34 | 355.19 | OK | |
r-release-linux-x86_64 | 1.0.3 | 91.73 | 268.37 | 360.10 | OK | |
r-release-macos-arm64 | 1.0.3 | 9.00 | ERROR | |||
r-release-macos-x86_64 | 1.0.3 | 8.00 | ERROR | |||
r-release-windows-x86_64 | 1.0.3 | 75.00 | 240.00 | 315.00 | NOTE | |
r-oldrel-macos-arm64 | 1.0.3 | 10.00 | ERROR | |||
r-oldrel-macos-x86_64 | 1.0.3 | 12.00 | ERROR | |||
r-oldrel-windows-x86_64 | 1.0.3 | 104.00 | 286.00 | 390.00 | NOTE |
Version: 1.0.3
Check: installed package size
Result: NOTE
installed size is 5.2Mb
sub-directories of 1Mb or more:
data 3.3Mb
doc 1.2Mb
Flavors: r-devel-linux-x86_64-fedora-clang, r-devel-windows-x86_64, r-release-windows-x86_64, r-oldrel-windows-x86_64
Version: 1.0.3
Check: package dependencies
Result: ERROR
Package required but not available: ‘mixAK’
See section ‘The DESCRIPTION file’ in the ‘Writing R Extensions’
manual.
Flavors: r-release-macos-arm64, r-release-macos-x86_64, r-oldrel-macos-arm64, r-oldrel-macos-x86_64