Last updated on 2024-07-01 03:48:57 CEST.
Flavor | Version | Tinstall | Tcheck | Ttotal | Status | Flags |
---|---|---|---|---|---|---|
r-devel-linux-x86_64-debian-clang | 1.0.1 | 10.10 | 213.04 | 223.14 | OK | |
r-devel-linux-x86_64-debian-gcc | 1.0.1 | 6.14 | 176.91 | 183.05 | OK | |
r-devel-linux-x86_64-fedora-clang | 1.0.1 | 339.20 | NOTE | |||
r-devel-linux-x86_64-fedora-gcc | 1.0.1 | 285.14 | NOTE | |||
r-devel-windows-x86_64 | 1.0.1 | 9.00 | 238.00 | 247.00 | OK | |
r-patched-linux-x86_64 | 1.0.1 | 9.26 | 205.59 | 214.85 | OK | |
r-release-linux-x86_64 | 1.0.1 | 9.28 | 222.55 | 231.83 | OK | |
r-release-macos-arm64 | 1.0.1 | 132.00 | OK | |||
r-release-macos-x86_64 | 1.0.1 | 264.00 | OK | |||
r-release-windows-x86_64 | 1.0.1 | 8.00 | 242.00 | 250.00 | OK | |
r-oldrel-macos-arm64 | 1.0.1 | 157.00 | ERROR | |||
r-oldrel-macos-x86_64 | 1.0.1 | 250.00 | ERROR | |||
r-oldrel-windows-x86_64 | 1.0.1 | 10.00 | 263.00 | 273.00 | OK |
Version: 1.0.1
Check: data for non-ASCII characters
Result: NOTE
Note: found 4 marked UTF-8 strings
Flavors: r-devel-linux-x86_64-fedora-clang, r-devel-linux-x86_64-fedora-gcc
Version: 1.0.1
Check: running R code from vignettes
Result: ERROR
Errors in running code in vignettes:
when running code in ‘updating-taxon-names.Rmd’
...
+ bootstrap_options = c(" ..." ... [TRUNCATED]
> my_kable_styling <- util_kable_styling_html
> match_taxa_documentation <- readr::read_csv(here("inst",
+ "extdata", "match_taxa_documentation.csv"), show_col_types = FALSE)
When sourcing ‘updating-taxon-names.R’:
Error: '/private/var/folders/k4/0jwzxmln0nb8y6rkzprptb640000gq/T/Rtmp3HXaiz/file161cf349a9b3d/vignettes/inst/extdata/match_taxa_documentation.csv' does not exist.
Execution halted
‘APCalign.Rmd’ using ‘UTF-8’... [0s/0s] OK
‘updating-taxon-names.Rmd’ using ‘UTF-8’... failed
Flavor: r-oldrel-macos-arm64
Version: 1.0.1
Check: running R code from vignettes
Result: ERROR
Errors in running code in vignettes:
when running code in ‘updating-taxon-names.Rmd’
...
+ bootstrap_options = c(" ..." ... [TRUNCATED]
> my_kable_styling <- util_kable_styling_html
> match_taxa_documentation <- readr::read_csv(here("inst",
+ "extdata", "match_taxa_documentation.csv"), show_col_types = FALSE)
When sourcing ‘updating-taxon-names.R’:
Error: '/private/var/folders/2b/t0kwbtmn3p7brv2mvx39c9cr0000gn/T/Rtmpu1dAjl/file96e5522f98fa/vignettes/inst/extdata/match_taxa_documentation.csv' does not exist.
Execution halted
‘APCalign.Rmd’ using ‘UTF-8’... [0s/0s] OK
‘updating-taxon-names.Rmd’ using ‘UTF-8’... failed
Flavor: r-oldrel-macos-x86_64